{"id":5977,"date":"2021-03-21T23:36:57","date_gmt":"2021-03-21T22:36:57","guid":{"rendered":"https:\/\/hanns-eisler.de\/?post_type=eisler-mitteilungen&#038;p=5977"},"modified":"2021-03-21T23:36:57","modified_gmt":"2021-03-21T22:36:57","slug":"eisler-mitteilungen-43-die-geschwister-eisler","status":"publish","type":"eisler-mitteilungen","link":"https:\/\/hanns-eisler.de\/en\/eisler-mitteilungen\/eisler-mitteilungen-43-die-geschwister-eisler\/","title":{"rendered":"Eisler-Mitteilungen 43 \/ Die Geschwister Eisler"},"content":{"rendered":"<p><strong>Inhalt<\/strong><\/p>\n<ul>\n<li>Albrecht D\u00fcmling \u00fcber die Geschwister Eisler<\/li>\n<li>Chronik der Geschwister Eisler<\/li>\n<li>J\u00fcrgen Schebera \u00fcber den &#8220;Fall Gerhart Eisler&#8221;<\/li>\n<li>Gerhard M\u00fcller \u00fcber Gerhart Eisler, den &#8220;Vers\u00f6hnler&#8221;<\/li>\n<li>Aus den Memoiren von Gerard Friedlander<\/li>\n<li>Georg Knepler 100<\/li>\n<\/ul>\n<p>u.a.<br \/>\n48 Seiten, Februar 2007<\/p>\n","protected":false},"author":4,"featured_media":0,"parent":0,"template":"","class_list":["post-5977","eisler-mitteilungen","type-eisler-mitteilungen","status-publish","hentry"],"acf":[],"_links":{"self":[{"href":"https:\/\/hanns-eisler.de\/en\/wp-json\/wp\/v2\/eisler-mitteilungen\/5977","targetHints":{"allow":["GET"]}}],"collection":[{"href":"https:\/\/hanns-eisler.de\/en\/wp-json\/wp\/v2\/eisler-mitteilungen"}],"about":[{"href":"https:\/\/hanns-eisler.de\/en\/wp-json\/wp\/v2\/types\/eisler-mitteilungen"}],"author":[{"embeddable":true,"href":"https:\/\/hanns-eisler.de\/en\/wp-json\/wp\/v2\/users\/4"}],"wp:attachment":[{"href":"https:\/\/hanns-eisler.de\/en\/wp-json\/wp\/v2\/media?parent=5977"}],"curies":[{"name":"wp","href":"https:\/\/api.w.org\/{rel}","templated":true}]}}

<p><strong>Inhalt</strong></p>
<ul>
<li>Albrecht Dümling über die Geschwister Eisler</li>
<li>Chronik der Geschwister Eisler</li>
<li>Jürgen Schebera über den &#8220;Fall Gerhart Eisler&#8221;</li>
<li>Gerhard Müller über Gerhart Eisler, den &#8220;Versöhnler&#8221;</li>
<li>Aus den Memoiren von Gerard Friedlander</li>
<li>Georg Knepler 100</li>
</ul>
<p>u.a.<br />
48 Seiten, Februar 2007</p>
